{"id":377,"date":"2024-01-04T18:16:27","date_gmt":"2024-01-04T17:16:27","guid":{"rendered":"http:\/\/ksf.amu.edu.pl\/preteksty\/?page_id=377"},"modified":"2025-07-18T09:31:24","modified_gmt":"2025-07-18T07:31:24","slug":"aktualny-numer","status":"publish","type":"page","link":"http:\/\/ksf.amu.edu.pl\/preteksty\/aktualny-numer\/","title":{"rendered":"AKTUALNY NUMER"},"content":{"rendered":"\n<div class=\"wp-block-group alignwide is-vertical is-content-justification-stretch is-nowrap is-layout-flex wp-container-1\">\n<p>Szanowni Pa\u0144stwo,<\/p>\n\n\n\n<p>Po rocznej przerwie powracamy z nowym numerem <em>Pretekst\u00f3w<\/em>, tworzonych od ponad 25 lat przez Studenckie Ko\u0142o Filozoficzne UAM. W tym numerze osoby autorskie koncentruj\u0105 si\u0119 na problemie do\u015bwiadczenia \u2013 jego cielesnych, poznawczych i etycznych aspekt\u00f3w. Od refleksji fenomenologicznej, przez reinterpretacje klasyk\u00f3w filozofii, po filozoficzne odczytania literatury i psychologii \u2013 \u0142\u0105cz\u0105 ich wsp\u00f3lne pytania o to\u017csamo\u015b\u0107, granice i mo\u017cliwo\u015b\u0107 jedno\u015bci.<\/p>\n\n\n\n<p>Dzi\u0119kujemy osobom autorskim i zapraszamy do lektury!<\/p>\n<\/div>\n\n\n\n<div class=\"wp-block-group alignwide is-vertical is-content-justification-right is-layout-flex wp-container-2\">\n<p><\/p>\n\n\n\n<p class=\"has-text-align-left\">Redakcja Czasopisma <em>Preteksty<\/em><\/p>\n<\/div>\n\n\n\n<div class=\"wp-block-group is-content-justification-right is-nowrap is-layout-flex wp-container-3\">\n<p class=\"has-text-align-right\"><\/p>\n<\/div>\n\n\n\n<div id=\"http:\/\/ksf.amu.edu.pl\/preteksty\/wp-content\/uploads\/2025\/07\/Preteksty-1.2025.pdf\" class=\"wp-block-group is-content-justification-center is-nowrap is-layout-flex wp-container-6\">\n<figure class=\"wp-block-gallery has-nested-images columns-default is-cropped wp-block-gallery-4 is-layout-flex\">\n<figure class=\"wp-block-image size-large\"><a href=\"http:\/\/ksf.amu.edu.pl\/preteksty\/wp-content\/uploads\/2025\/07\/Preteksty-1.2025.pdf\"><img decoding=\"async\" loading=\"lazy\" width=\"600\" height=\"848\" src=\"http:\/\/ksf.amu.edu.pl\/preteksty\/wp-content\/uploads\/2025\/07\/Preteksty-1.2025-okladka-1.png\" alt=\"\" class=\"wp-image-548\"\/><\/a><\/figure>\n<\/figure>\n<\/div>\n\n\n\n<div class=\"wp-block-group is-content-justification-center is-nowrap is-layout-flex wp-container-7\">\n<p><strong><a href=\"http:\/\/ksf.amu.edu.pl\/preteksty\/wp-content\/uploads\/2025\/07\/Preteksty-1.2025.pdf\">Nr 1\/2025<\/a><\/strong><\/p>\n<\/div>\n","protected":false},"excerpt":{"rendered":"<p>Szanowni Pa\u0144stwo, Po rocznej przerwie powracamy z nowym numerem Pretekst\u00f3w, tworzonych od ponad 25 lat przez Studenckie Ko\u0142o Filozoficzne UAM. W tym numerze osoby autorskie koncentruj\u0105 si\u0119 na problemie do\u015bwiadczenia \u2013 jego cielesnych, poznawczych i etycznych aspekt\u00f3w. Od refleksji fenomenologicznej, przez reinterpretacje klasyk\u00f3w filozofii, po filozoficzne odczytania literatury i psychologii \u2013 \u0142\u0105cz\u0105 ich wsp\u00f3lne pytania [&hellip;]<\/p>\n","protected":false},"author":1,"featured_media":0,"parent":0,"menu_order":0,"comment_status":"closed","ping_status":"closed","template":"","meta":[],"_links":{"self":[{"href":"http:\/\/ksf.amu.edu.pl\/preteksty\/wp-json\/wp\/v2\/pages\/377"}],"collection":[{"href":"http:\/\/ksf.amu.edu.pl\/preteksty\/wp-json\/wp\/v2\/pages"}],"about":[{"href":"http:\/\/ksf.amu.edu.pl\/preteksty\/wp-json\/wp\/v2\/types\/page"}],"author":[{"embeddable":true,"href":"http:\/\/ksf.amu.edu.pl\/preteksty\/wp-json\/wp\/v2\/users\/1"}],"replies":[{"embeddable":true,"href":"http:\/\/ksf.amu.edu.pl\/preteksty\/wp-json\/wp\/v2\/comments?post=377"}],"version-history":[{"count":29,"href":"http:\/\/ksf.amu.edu.pl\/preteksty\/wp-json\/wp\/v2\/pages\/377\/revisions"}],"predecessor-version":[{"id":555,"href":"http:\/\/ksf.amu.edu.pl\/preteksty\/wp-json\/wp\/v2\/pages\/377\/revisions\/555"}],"wp:attachment":[{"href":"http:\/\/ksf.amu.edu.pl\/preteksty\/wp-json\/wp\/v2\/media?parent=377"}],"curies":[{"name":"wp","href":"https:\/\/api.w.org\/{rel}","templated":true}]}}