{"id":30,"date":"2016-05-12T09:56:44","date_gmt":"2016-05-12T07:56:44","guid":{"rendered":"http:\/\/ksf.home.amu.edu.pl\/preteksty\/?page_id=30"},"modified":"2024-02-01T15:38:12","modified_gmt":"2024-02-01T14:38:12","slug":"o-czasopismie","status":"publish","type":"page","link":"http:\/\/ksf.amu.edu.pl\/preteksty\/o-czasopismie\/","title":{"rendered":"O CZASOPI\u015aMIE"},"content":{"rendered":"\n<div class=\"wp-block-group alignwide is-nowrap is-layout-flex wp-container-1\">\n<h2 class=\"wp-block-heading has-inter-font-family has-large-font-size\"><strong>Zakres i zasi\u0119g czasopisma<\/strong><\/h2>\n<\/div>\n\n\n\n<div class=\"wp-block-group alignwide is-nowrap is-layout-flex wp-container-2\">\n<p class=\"has-inter-font-family\">Czasopismo <em>Preteksty <\/em>powsta\u0142o w 1999 r. w ramach Studenckiego Ko\u0142a Filozoficznego Uniwersytetu im. Adama Mickiewicza w Poznaniu jako reaktywacja wcze\u015bniej wydawanego \u201eViel\u2013o\u2013Sophie\u201d. Do 2008 r. wydawane by\u0142o w wersji papierowej, obecnie ukazuje si\u0119 jedynie w formie elektronicznej. Jego celem jest stworzenie platformy dla student\u00f3w chc\u0105cych podzieli\u0107 si\u0119 wynikami swoich bada\u0144 oraz przemy\u015bleniami. W naszym przekonaniu filozofia stanowi niezb\u0119dny i wzbogacaj\u0105cy element rozwa\u017ca\u0144 naukowych, kt\u00f3re z kolei stanowi\u0105 nieod\u0142\u0105czn\u0105 cz\u0119\u015b\u0107 refleksji filozoficznej. Jeste\u015bmy otwarci na artyku\u0142y, eseje recenzje i t\u0142umaczenia zar\u00f3wno stricte&nbsp;filozoficzne, jak i te \u201efilozofuj\u0105ce\u201d, kt\u00f3rych tematyka jest z filozofi\u0105 zwi\u0105zana. Za publikacj\u0119 w Pretekstach osoby autorskie otrzymuj\u0105 5 punkt\u00f3w.<\/p>\n<\/div>\n\n\n\n<div class=\"wp-block-group alignwide is-nowrap is-layout-flex wp-container-3\">\n<p>Informacje o naborach tekst\u00f3w znajdowa\u0107 si\u0119 b\u0119d\u0105 na naszym profilu na&nbsp;<a href=\"https:\/\/www.facebook.com\/Preteksty\">Facebooku<\/a>. Wi\u0119cej informacji na temat redakcji, procedury recenzowania oraz wymog\u00f3w technicznych znajduje si\u0119 podstronach serwisu.<\/p>\n<\/div>\n\n\n\n<div class=\"wp-block-group alignwide is-nowrap is-layout-flex wp-container-4\">\n<p class=\"has-large-font-size\"><strong>Proces recenzji<\/strong><\/p>\n<\/div>\n\n\n\n<div class=\"wp-block-group alignwide is-nowrap is-layout-flex wp-container-5\">\n<ol>\n<li>Redakcja dokonuje wst\u0119pnej weryfikacji nades\u0142anych tekst\u00f3w pod k\u0105tem ich zgodno\u015bci z profilem czasopisma, tematyk\u0105 numeru oraz wytycznymi edytorskimi.  <\/li>\n\n\n\n<li>Teksty spe\u0142niaj\u0105ce powy\u017csze wymogi jest przekazywany recenzentowi wsp\u00f3\u0142pracuj\u0105cemu z Redakcj\u0105. Nazwiska autora i recenzenta nie s\u0105 ujawniane. Lista recenzent\u00f3w publikowana na jest na stronie internetowej czasopisma.<\/li>\n\n\n\n<li>Recenzent ocenia tekst, wype\u0142niaj\u0105c formularz recenzyjny dost\u0119pny na stronie internetowej czasopisma. Recenzja zawiera jednoznaczny wniosek w sprawie dopuszczenia materia\u0142u do publikacji.<\/li>\n<\/ol>\n<\/div>\n\n\n\n<div class=\"wp-block-group alignwide is-nowrap is-layout-flex wp-container-6\">\n<p class=\"has-large-font-size\"><strong>Polityka otwartego dost\u0119pu<\/strong><\/p>\n<\/div>\n\n\n\n<div class=\"wp-block-group alignwide is-nowrap is-layout-flex wp-container-7\">\n<p><em>Preteksty <\/em>to czasopismo Open Access. U\u017cytkownicy maj\u0105 prawo do czytania, pobierania, kopiowania, rozpowszechniania, drukowania, wyszukiwania lub linkowania do pe\u0142nych tekst\u00f3w artyku\u0142\u00f3w w tym czasopi\u015bmie oraz do wykorzystywania ich w jakimkolwiek innym zgodnym z prawem celu na warunkach licencji CC BY-NC-ND 4.0. Autorzy zachowuj\u0105 prawa autorskie i prawa wydawnicze do swoich artyku\u0142\u00f3w, przyznaj\u0105c czasopismu prawo do ich rozpowszechniania na warunkach licencji CC BY-NC-ND 4.0.<\/p>\n<\/div>\n\n\n\n<div class=\"wp-block-group alignwide is-nowrap is-layout-flex wp-container-8\">\n<p>Czasopismo zapewnia natychmiastowy, otwarty dost\u0119p do wszystkich swoich tre\u015bci.<\/p>\n<\/div>\n\n\n\n<div class=\"wp-block-group alignwide is-nowrap is-layout-flex wp-container-9\">\n<p>Redakcja zach\u0119ca autor\u00f3w do rozpowszechniania opublikowanych w czasopi\u015bmie artyku\u0142\u00f3w w mediach spo\u0142eczno\u015bciowych i otwartych repozytoriach (z podaniem linku do utworu ze strony czasopisma).<\/p>\n<\/div>\n\n\n\n<div class=\"wp-block-group alignwide is-nowrap is-layout-flex wp-container-10\">\n<p>Czasopismo&nbsp;<em>Preteksty<\/em>&nbsp;nie pobiera \u017cadnych op\u0142at za publikacj\u0119.<\/p>\n<\/div>\n\n\n\n<div class=\"wp-block-group alignwide is-nowrap is-layout-flex wp-container-11\">\n<p>Czasopismo&nbsp;<em>Preteksty&nbsp;<\/em>nie wyp\u0142aca autorom \u017cadnych wynagrodze\u0144 za opublikowane teksty.<\/p>\n<\/div>\n\n\n\n<div class=\"wp-block-group alignwide is-nowrap is-layout-flex wp-container-12\">\n<p>Cz\u0142onkowie redakcji i recenzenci nie otrzymuj\u0105 \u017cadnego wynagrodzenia za swoj\u0105 prac\u0119 zwi\u0105zan\u0105 ze standardow\u0105 dzia\u0142alno\u015bci\u0105 czasopisma.<\/p>\n<\/div>\n","protected":false},"excerpt":{"rendered":"<p>Zakres i zasi\u0119g czasopisma Czasopismo Preteksty powsta\u0142o w 1999 r. w ramach Studenckiego Ko\u0142a Filozoficznego Uniwersytetu im. Adama Mickiewicza w Poznaniu jako reaktywacja wcze\u015bniej wydawanego \u201eViel\u2013o\u2013Sophie\u201d. Do 2008 r. wydawane by\u0142o w wersji papierowej, obecnie ukazuje si\u0119 jedynie w formie elektronicznej. Jego celem jest stworzenie platformy dla student\u00f3w chc\u0105cych podzieli\u0107 si\u0119 wynikami swoich bada\u0144 oraz [&hellip;]<\/p>\n","protected":false},"author":1,"featured_media":0,"parent":0,"menu_order":0,"comment_status":"closed","ping_status":"closed","template":"","meta":[],"_links":{"self":[{"href":"http:\/\/ksf.amu.edu.pl\/preteksty\/wp-json\/wp\/v2\/pages\/30"}],"collection":[{"href":"http:\/\/ksf.amu.edu.pl\/preteksty\/wp-json\/wp\/v2\/pages"}],"about":[{"href":"http:\/\/ksf.amu.edu.pl\/preteksty\/wp-json\/wp\/v2\/types\/page"}],"author":[{"embeddable":true,"href":"http:\/\/ksf.amu.edu.pl\/preteksty\/wp-json\/wp\/v2\/users\/1"}],"replies":[{"embeddable":true,"href":"http:\/\/ksf.amu.edu.pl\/preteksty\/wp-json\/wp\/v2\/comments?post=30"}],"version-history":[{"count":37,"href":"http:\/\/ksf.amu.edu.pl\/preteksty\/wp-json\/wp\/v2\/pages\/30\/revisions"}],"predecessor-version":[{"id":489,"href":"http:\/\/ksf.amu.edu.pl\/preteksty\/wp-json\/wp\/v2\/pages\/30\/revisions\/489"}],"wp:attachment":[{"href":"http:\/\/ksf.amu.edu.pl\/preteksty\/wp-json\/wp\/v2\/media?parent=30"}],"curies":[{"name":"wp","href":"https:\/\/api.w.org\/{rel}","templated":true}]}}

O CZASOPIŚMIE

<div class="wp-block-group alignwide is-nowrap is-layout-flex wp-container-1">
<h2 class="wp-block-heading has-inter-font-family has-large-font-size"><strong>Zakres i zasięg czasopisma</strong></h2>
</div>



<div class="wp-block-group alignwide is-nowrap is-layout-flex wp-container-2">
<p class="has-inter-font-family">Czasopismo <em>Preteksty </em>powstało w 1999 r. w ramach Studenckiego Koła Filozoficznego Uniwersytetu im. Adama Mickiewicza w Poznaniu jako reaktywacja wcześniej wydawanego „Viel–o–Sophie”. Do 2008 r. wydawane było w wersji papierowej, obecnie ukazuje się jedynie w formie elektronicznej. Jego celem jest stworzenie platformy dla studentów chcących podzielić się wynikami swoich badań oraz przemyśleniami. W naszym przekonaniu filozofia stanowi niezbędny i wzbogacający element rozważań naukowych, które z kolei stanowią nieodłączną część refleksji filozoficznej. Jesteśmy otwarci na artykuły, eseje recenzje i tłumaczenia zarówno stricte&nbsp;filozoficzne, jak i te „filozofujące”, których tematyka jest z filozofią związana. Za publikację w Pretekstach osoby autorskie otrzymują 5 punktów.</p>
</div>



<div class="wp-block-group alignwide is-nowrap is-layout-flex wp-container-3">
<p>Informacje o naborach tekstów znajdować się będą na naszym profilu na&nbsp;<a href="https://www.facebook.com/Preteksty">Facebooku</a>. Więcej informacji na temat redakcji, procedury recenzowania oraz wymogów technicznych znajduje się podstronach serwisu.</p>
</div>



<div class="wp-block-group alignwide is-nowrap is-layout-flex wp-container-4">
<p class="has-large-font-size"><strong>Proces recenzji</strong></p>
</div>



<div class="wp-block-group alignwide is-nowrap is-layout-flex wp-container-5">
<ol>
<li>Redakcja dokonuje wstępnej weryfikacji nadesłanych tekstów pod kątem ich zgodności z profilem czasopisma, tematyką numeru oraz wytycznymi edytorskimi.  </li>



<li>Teksty spełniające powyższe wymogi jest przekazywany recenzentowi współpracującemu z Redakcją. Nazwiska autora i recenzenta nie są ujawniane. Lista recenzentów publikowana na jest na stronie internetowej czasopisma.</li>



<li>Recenzent ocenia tekst, wypełniając formularz recenzyjny dostępny na stronie internetowej czasopisma. Recenzja zawiera jednoznaczny wniosek w sprawie dopuszczenia materiału do publikacji.</li>
</ol>
</div>



<div class="wp-block-group alignwide is-nowrap is-layout-flex wp-container-6">
<p class="has-large-font-size"><strong>Polityka otwartego dostępu</strong></p>
</div>



<div class="wp-block-group alignwide is-nowrap is-layout-flex wp-container-7">
<p><em>Preteksty </em>to czasopismo Open Access. Użytkownicy mają prawo do czytania, pobierania, kopiowania, rozpowszechniania, drukowania, wyszukiwania lub linkowania do pełnych tekstów artykułów w tym czasopiśmie oraz do wykorzystywania ich w jakimkolwiek innym zgodnym z prawem celu na warunkach licencji CC BY-NC-ND 4.0. Autorzy zachowują prawa autorskie i prawa wydawnicze do swoich artykułów, przyznając czasopismu prawo do ich rozpowszechniania na warunkach licencji CC BY-NC-ND 4.0.</p>
</div>



<div class="wp-block-group alignwide is-nowrap is-layout-flex wp-container-8">
<p>Czasopismo zapewnia natychmiastowy, otwarty dostęp do wszystkich swoich treści.</p>
</div>



<div class="wp-block-group alignwide is-nowrap is-layout-flex wp-container-9">
<p>Redakcja zachęca autorów do rozpowszechniania opublikowanych w czasopiśmie artykułów w mediach społecznościowych i otwartych repozytoriach (z podaniem linku do utworu ze strony czasopisma).</p>
</div>



<div class="wp-block-group alignwide is-nowrap is-layout-flex wp-container-10">
<p>Czasopismo&nbsp;<em>Preteksty</em>&nbsp;nie pobiera żadnych opłat za publikację.</p>
</div>



<div class="wp-block-group alignwide is-nowrap is-layout-flex wp-container-11">
<p>Czasopismo&nbsp;<em>Preteksty&nbsp;</em>nie wypłaca autorom żadnych wynagrodzeń za opublikowane teksty.</p>
</div>



<div class="wp-block-group alignwide is-nowrap is-layout-flex wp-container-12">
<p>Członkowie redakcji i recenzenci nie otrzymują żadnego wynagrodzenia za swoją pracę związaną ze standardową działalnością czasopisma.</p>
</div>

<p>Zakres i zasięg czasopisma Czasopismo Preteksty powstało w 1999 r. w ramach Studenckiego Koła Filozoficznego Uniwersytetu im. Adama Mickiewicza w Poznaniu jako reaktywacja wcześniej wydawanego „Viel–o–Sophie”. Do 2008 r. wydawane było w wersji papierowej, obecnie ukazuje się jedynie w formie elektronicznej. Jego celem jest stworzenie platformy dla studentów chcących podzielić się wynikami swoich badań oraz [&hellip;]</p>
